) = -2*g**3 + 75*g**2 - 127*g + 211. Determine r(36).
-473
Let w(m) = -55231*m + 607427. Calculate w(11).
-114
Let g(o) = -87695*o + 22537609. Calculate g(257).
-6
Let m(u) = 1899*u - 4540. Determine m(1).
-2641
Let b(p) = -3*p**2 - 2175*p + 10868. What is b(5)?
-82
Let c(y) = -8*y**3 - 12*y**2 + 14*y - 311. Determine c(-10).
6349
Let q(f) = -10598*f + 10672. Calculate q(1).
74
Let j(k) = -10*k**3 + 2*k**2 - 10*k + 8. Calculate j(-3).
326
Let t(k) = -k**3 - 252*k**2 - 373*k + 31768. Give t(-250).
18
Let d(q) = q**3 + 64*q**2 - 433*q + 3. Determine d(6).
-75
Let y(o) = o**3 + 6*o**2 - 1245*o + 39. What is y(0)?
39
Let g(w) = -w**2 + 1602*w + 781638. Give g(-392).
-10
Let q(v) = 11*v**3 - 18*v**2 + 1665*v - 6670. Determine q(4).
406
Let n(k) = 394*k**3 - 9457*k**2 - 21*k + 1085. Calculate n(24).
5
Let b(d) = 6493*d + 84416. Determine b(-13).
7
Let d(x) = -x**3 - 39*x**2 - 11*x - 609. Determine d(-39).
-180
Let x(n) = -n**3 - 45*n**2 - 387*n - 2216. Determine x(-36).
52
Let d(x) = -x**3 + 114*x**2 + 1151*x + 460. What is d(-9)?
64
Let w(b) = -854*b**2 - 618*b + 192. What is w(-1)?
-44
Let g(a) = -9*a**3 - 5732*a**2 + 636*a - 633. What is g(-637)?
4
Let y(i) = -i**3 - 628*i**2 + 7691*i + 7045. Determine y(-640).
5
Let o(b) = -b**3 - 44*b**2 - 197*b - 2618. What is o(-41)?
416
Let b(p) = 3798*p - 80123. Calculate b(21).
-365
Let f(g) = -3836*g + 15430. Determine f(4).
86
Let d(m) = 2134*m + 990181. Calculate d(-464).
5
Let v(a) = -192895*a + 578660. Give v(3).
-25
Let w(o) = o**3 - 34*o**2 + 96*o - 6047. Calculate w(36).
1
Let g(b) = 4738*b - 19661. What is g(4)?
-709
Let h(q) = -122350*q - 59829151. Give h(-489).
-1
Let r(s) = s**2 + 78*s + 1075. Calculate r(-62).
83
Let p(a) = -a**3 - 166*a**2 - 2256*a + 1205. What is p(-151)?
-154
Let n(t) = -1120*t + 3396. Calculate n(4).
-1084
Let k(r) = -5*r**3 + 9*r**2 - 72*r + 192. Give k(4).
-272
Let u(k) = -1162*k + 4982. Give u(4).
334
Let w(c) = -8*c**2 - 1141*c + 19431. Determine w(-158).
-3
Let t(m) = -25*m**2 + 14218*m + 75773. Determine t(574).
5
Let d(z) = -z**2 + 382030*z + 9551376. What is d(-25)?
1
Let x(k) = -16*k**3 + 3394*k**2 - 431*k + 1597. Calculate x(212).
113
Let k(x) = 3517*x - 45683. Calculate k(13).
38
Let n(x) = -42*x + 4289. Give n(102).
5
Let k(f) = -2*f**2 + 88*f + 256. Calculate k(-4).
-128
Let y(s) = -49*s**2 - 568*s - 116. Calculate y(-12).
-356
Let b(y) = 1826*y - 3363. Determine b(2).
289
Let q(k) = -1486*k + 5911. Determine q(4).
-33
Let x(c) = -c**2 - 118*c + 26831. What is x(-233)?
36
Let d(v) = 3239*v - 6089. Calculate d(2).
389
Let j(w) = 41*w**2 - 12911*w - 1274. Give j(315).
-14
Let t(y) = -1957*y + 187873. Give t(96).
1
Let v(t) = -t**2 + 102352*t + 716509. Calculate v(-7).
-4
Let n(k) = -2*k**2 + 72*k - 329. Determine n(6).
31
Let f(d) = -2*d**3 - 256*d**2 - 1206*d + 3606. Calculate f(-123).
654
Let f(g) = 45*g - 186. What is f(4)?
-6
Let l(r) = 7*r**2 + 3304*r - 33746. Determine l(10).
-6
Let g(q) = 184*q**2 - 4515*q + 9003. What is g(2)?
709
Let f(b) = -671*b - 7114. Give f(-11).
267
Let j(w) = w**2 + 106*w + 41. Calculate j(-5).
-464
Let x(q) = -6*q**2 + 1237*q + 47412. Determine x(-33).
57
Let d(p) = -19*p**3 + 178*p**2 + 36*p - 46. Give d(9).
845
Let c(d) = -93*d**2 - 2298*d - 1561. Determine c(-24).
23
Let b(c) = -9*c**3 - 9*c**2 + 10*c + 19. Calculate b(-3).
151
Let r(k) = 373*k - 9727. Give r(26).
-29
Let z(f) = -5*f**3 - 1657*f**2 - 3852*f + 31583. Determine z(-329).
-1
Let m(x) = -13*x**3 + x**2 + 5*x - 13. Determine m(2).
-103
Let k(r) = -r**2 + 123*r + 12104. Determine k(191).
-884
Let a(n) = -142*n - 33458. Calculate a(-236).
54
Let g(i) = -3*i**3 + 37*i**2 + 16*i + 118. Calculate g(13).
-12
Let y(o) = -2*o**2 - 4542*o + 68598. What is y(15)?
18
Let b(w) = -188*w**2 + 51887*w + 234. What is b(276)?
-42
Let a(s) = -29*s**2 + 50*s + 271. Calculate a(-8).
-1985
Let k(q) = 4*q**3 - 64*q**2 - 79*q - 134. Give k(17).
-321
Let c(h) = 6*h**3 + 240*h**2 + 1390*h + 30. Determine c(-7).
2
Let q(k) = 9*k**2 - 762*k + 277. Calculate q(84).
-227
Let y(t) = -136*t + 4343. Give y(29).
399
Let q(u) = -4*u**3 + 184*u**2 + 160*u + 1294. Give q(47).
-22
Let i(d) = -4808*d - 158614. Give i(-33).
50
Let j(q) = -q**3 - 21*q**2 + 61973*q + 1178202. What is j(-19)?
-7
Let f(x) = -x**3 - 57*x**2 - 598*x + 1860. Determine f(-18).
-12
Let j(a) = 370*a - 198251. Determine j(536).
69
Let f(p) = -2132673*p + 5. Calculate f(0).
5
Let v(c) = -63*c**2 - 10269*c - 31. Determine v(-163).
-31
Let c(g) = -82*g**2 + 312*g + 21. What is c(4)?
-43
Let k(p) = -5*p**3 - 75*p**2 + 17*p + 699. Give k(-15).
444
Let u(q) = q**2 - 544*q - 9697. Determine u(-19).
1000
Let u(b) = 3439*b**2 - 20697*b + 17. Give u(6).
-361
Let m(f) = f**3 - 150*f**2 + 573*f + 1097. Calculate m(146).
-509
Let s(z) = -z**2 - 38*z + 7986. Give s(70).
426
Let p(c) = 54*c - 4604. Determine p(65).
-1094
Let g(u) = -3*u**2 - 30*u + 344. Give g(-18).
-88
Let v(q) = 563*q - 17376. What is v(31)?
77
Let p(q) = 315*q - 108715. Calculate p(345).
-40
Let u(n) = -n**3 - 397*n**2 + 1960*n - 20100. What is u(-402)?
0
Let j(b) = 1063*b - 4420. What is j(4)?
-168
Let k(d) = 20*d**2 - 7255*d - 1691. Determine k(363).
124
Let v(g) = 1462*g + 230971. Determine v(-158).
-25
Let c(y) = -4*y**3 + 37*y**2 - 31798*y + 286103. Determine c(9).
2
Let z(m) = -316*m**3 + 3*m**2 + 1277*m - 1280. Give z(1).
-316
Let t(f) = 501*f - 2454. Calculate t(4).
-450
Let b(g) = -173*g - 29917. What is b(-173)?
12
Let d(s) = 72*s**2 + 74*s - 201. Determine d(3).
669
Let h(s) = 711*s + 4579. Calculate h(-9).
-1820
Let q(w) = -3*w**2 + 145*w + 12452. Determine q(93).
-10
Let l(t) = -104*t + 2388. Calculate l(21).
204
Let s(h) = h**3 + 18*h**2 - 843*h - 201. What is s(22)?
613
Let u(s) = -5172*s + 67209. Calculate u(13).
-27
Let b(g) = 7*g + 633. What is b(-10)?
563
Let r(k) = 5703*k + 4271. What is r(-1)?
-1432
Let m(j) = j**3 + 169*j**2 - 164*j + 1347. Determine m(-170).
327
Let l(i) = -166*i - 52441. Determine l(-318).
347
Let o(a) = 11*a**3 + 345*a**2 + 53*a - 2198. Give o(-31).
3
Let c(a) = a**2 - 1156*a - 50172. Determine c(-42).
144
Let z(j) = 2971*j - 300088. What is z(101)?
-17
Let h(v) = -72832*v - 5826566. Calculate h(-80).
-6
Let w(n) = 33208*n + 3420422. Calculate w(-103).
-2
Let j(s) = -s**3 - 66*s**2 - 120*s + 163. What is j(-64)?
-349
Let u(r) = 5*r**3 + 206*r**2 + 21*r + 6. Calculate u(0).
6
Let f(b) = -2*b**3 + 833*b**2 + 5928*b + 20. What is f(-7)?
27
Let x(j) = -j**3 + 313*j**2 + 8068*j + 6809. What is x(337)?
69
Let r(h) = 12*h**2 - 288*h + 2077. Give r(10).
397
Let t(d) = 13*d**3 + 10198*d**2 + 4711*d + 5514. What is t(-784)?
26
Let q(v) = 644*v + 260. What is q(-2)?
-1028
Let u(w) = 18107*w**2 + 543211*w + 70. Give u(-30).
40
Let x(f) = 6950*f + 7311377. Determine x(-1052).
-23
Let c(f) = 50903*f + 8908015. Calculate c(-175).
-10
Let o(g) = 25*g + 70. Determine o(120).
3070
Let a(u) = -u**3 - 14*u**2 - 55*u - 1692. Calculate a(-17).
110
Let d(c) = -6*c**2 + 9107*c - 36444. Give d(4).
-112
Let p(n) = -224*n + 5556. Give p(20).
1076
Let r(b) = -4*b**2 + 2059*b + 37759. What is r(-18)?
-599
Let q(w) = -w**2 + 1155*w + 11725. Determine q(-10).
75
Let f(p) = -5*p**3 + 87*p**2 + 637*p + 88. Give f(23).
-73
Let t(k) = k**3 - 55*k**2 - 178*k + 183. What is t(58)?
-49
Let r(b) = -b**2 + 229*b - 12407. Give r(140).
53
Let c(x) = 7*x**2 + 2765*x + 59948. What is c(-372)?
56
Let q(y) = -2416*y + 86945. Give q(36).
-31
Let z(n) = 4052*n + 688826. Give z(-170).
-14
Let l(y) = 30928*y - 92840. Calculate l(3).
-56
Let f(q) = -15*q**2 - 911*q - 9192. Calculate f(-48).
-24
Let p(q) = 36000*q - 215999. Determine p(6).
1
Let d(g) = g**3 + 11*g**2 - 117*g - 572. What is d(-5)?
163
Let x(d) = d**3 + 187*d**2 - 406*d - 5423. What is x(-189)?
-131
Let z(i) = 103*i**3 + 4*i**2 - 1177*i + 1173. Calculate z(1).
103
Let c(s) = -41*s**2 - 10445*s + 2550. Give c(-255).
0
Let m(b) = b**3 - 80*b**2 - 6697*b - 640. Determine m(-51).
176
Let n(v) = -v**3 - 101*v**2 - 893*v + 577. Calculate n(-91).
-970
Let o(j) = 113*j - 42466. Determine o(376).
22
Let m(x) = -52*x**2 - 503*x - 1213. Determine m(-5).
2
Let u(t) = 476*t**2 - 156601*t - 988. Calculate u(329).
-1
Let j(z) = -z**3 + 48*z**2 - 59*z - 255. Determine j(47).
-819
Let f(v) = 7586*v - 1767535. What is f(233)?
3
Let l